{"id":800,"date":"2013-05-22T19:08:06","date_gmt":"2013-05-22T19:08:06","guid":{"rendered":"https:\/\/eles.pl\/armiakrajowakrzeszowice\/?page_id=800"},"modified":"2016-03-11T11:10:02","modified_gmt":"2016-03-11T11:10:02","slug":"ewakuacja-zagrozonego-magazynu-broni-w-debniku","status":"publish","type":"page","link":"https:\/\/eles.pl\/armiakrajowakrzeszowice\/?page_id=800","title":{"rendered":"Ewakuacja zagro\u017conego magazynu broni w D\u0119bniku."},"content":{"rendered":"<h4><span style=\"color: #000000;\"><strong>\u00a0<\/strong><\/span><span style=\"color: #00ff00;\">Relacja uczestnika operacji <\/span><\/h4>\n<h4><span style=\"color: #00ff00;\">sier\u017c. AK W\u0142adys\u0142aw Bazarnik &#8222;ZOSIK&#8221;\u00a0 Czatkowice G\u00f3rne, 1966 rok<\/span><\/h4>\n<p>&nbsp;<\/p>\n<h4 style=\"text-align: center;\"><span style=\"color: #d1cfcf;\"><strong>Ewakuacja zagro\u017conego magazynu broni w D\u0119bniku.<\/strong><\/span><\/h4>\n<p align=\"CENTER\"><strong>\u00a0<\/strong><\/p>\n<p align=\"JUSTIFY\">W po\u0142owie miesi\u0105ca grudnia 1944 roku mr\u00f3z sku\u0142 ziemi\u0119. Zima sro\u017cy\u0142a si\u0119 coraz bardziej. . Os\u0142ab\u0142a dzia\u0142alno\u015b\u0107 naszego Oddzia\u0142u Dywersyjno Bojowego. Z ostatniego rajdu w miechowskie gdzie pognano nas po odbi\u00f3r jakiego\u015b rzekomego zrzutu powr\u00f3cili\u015bmy do D\u0119bnika kwateruj\u0105c po kilku w chatach przysi\u00f3\u0142ka. Bezczynno\u015b\u0107 na melinie skracali\u015bmy sobie nads\u0142uchiwaniem wiadomo\u015bci ze \u015bwiata z pomoc\u0105 ukrywanego radiowego odbiornika bateryjnego oraz wie\u015bci przekazywane przez ludzi.<\/p>\n<p align=\"JUSTIFY\">A wiadomo\u015bci te by\u0142y dla nas pomy\u015blne i niepomy\u015blne. Cieszy\u0142y nas te kt\u00f3re podawa\u0142y radiostacje \u2013 Moskwa \u2013 Londyn \u2013 Nowy Jork \u2013 Pary\u017c \u2013 Lublin, a kt\u00f3re m\u00f3wi\u0142y o pomy\u015blnych dla aliant\u00f3w wydarzeniach na frontach a kt\u00f3re przybli\u017ca\u0142y nieuchronnie kl\u0119sk\u0119 Niemiec.<\/p>\n<p align=\"JUSTIFY\">Inne zn\u00f3w podawane czasami szczeg\u00f3lnie przez radio Londyn i kr\u0105\u017c\u0105ce w\u015br\u00f3d ludzi, budzi\u0142y w nas niepok\u00f3j i rozterk\u0119. Nie chcieli\u015bmy wierzy\u0107 w to co s\u0142yszeli\u015bmy, \u017ce na terenach na wsch\u00f3d od Wis\u0142y, zaj\u0119tych przez Armi\u0119 Czerwon\u0105 aresztuje si\u0119 i wywozi na Sybir \u017co\u0142nierzy Armii Krajowej. Podawano fakty o wywo\u017ceniach z Wilna \u2013 Lwowa itd. M\u00f3wiono o wrogo\u015bci w\u0142adz radzieckich i polskich utworzonych na tamtych terenach do wszystkich co nie nale\u017celi do P.P.R. i A.L.<\/p>\n<p align=\"JUSTIFY\">Przypominano o Katyniu i tragedii Warszawy, gdzie powstanie upad\u0142o na wskutek nie udzieleniu pomocy przez Armie Czerwon\u0105, pomimo \u017ce by\u0142o to mo\u017cliwe. M\u00f3wiono o szykanach wobec ludno\u015bci cywilnej kt\u00f3r\u0105 jako obszarnik\u00f3w wywo\u017cono masowo w g\u0142\u0105b Rosji, \u017ce powo\u0142anych do s\u0142u\u017cby w szeregach Armii Polskiej w Zwi\u0105zku Republik Radzieckich w tak zwanej \u201eArmii Berlinga\u201d , te\u017c wywozi si\u0119 na Sybir. \u017be to jest przyczyn\u0105 dezercji m\u0142odych Polak\u00f3w z jej szereg\u00f3w. Przeczy\u0142y temu audycje radia Lublin. Nawo\u0142ywa\u0142y do walki z niemcami u boku Armii Czerwonej i w\u0142adz radzieckich jako jedynych przyjaci\u00f3\u0142 i sprzymierze\u0144c\u00f3w, oczerniaj\u0105c r\u00f3wnocze\u015bnie Emigracyjny Rz\u0105d Polski w Londynie. Trudno nam by\u0142o w to wszystko wierzy\u0107 i nie wierzy\u0107. A budzi\u0142o niepok\u00f3j rozterk\u0119 i ca\u0142kowicie dezorientowa\u0142o, do tego stopnia \u017ce podawali\u015bmy w w\u0105tpliwo\u015b\u0107 sens naszej dotychczasowej i dalszej walki z Niemcami. Bo jak\u017ce inaczej mogli\u015bmy rozumie\u0107. Po tych wysi\u0142kach w\u0142o\u017conych w walk\u0119 z naje\u017ad\u017ac\u0105, mia\u0142a mam zagra\u017ca\u0107 znowu wyw\u00f3zka na Sybir, zamiast do O\u015bwi\u0119cimia. D\u0142ugie na ten temat rozmowy i komentarze nie wp\u0142ywa\u0142y uspokajaj\u0105co a wr\u0119cz przeciwnie pog\u0142\u0119bia\u0142y jeszcze depresje i stawa\u0142y si\u0119 przyczyn\u0105 rozlu\u017anienia i w pewnym stopniu dezorganizacji.<\/p>\n<p align=\"JUSTIFY\">Kres temu po\u0142o\u017cy\u0142 otrzymany rozkaz rozwi\u0105zania oddzia\u0142u, zamelinowania broni i ekwipunku, rozpuszczenia \u017co\u0142nierzy do dom\u00f3w w przypadkach gdy to by\u0142o mo\u017cliwe, w przeciwnych rozproszenie lu\u017ano na meliny. Bior\u0105c pod uwag\u0119 panuj\u0105c\u0105 atmosfer\u0119 ci\u0119\u017ckie warunki zimowe, trudno\u015bci z \u017cywno\u015bci\u0105 oraz fakt ci\u0105g\u0142ej penetracji terenu przez patrole SS z oddzia\u0142u stacjonuj\u0105cego w Pacz\u00f3\u0142towicach, przyznali\u015bmy s\u0142uszno\u015b\u0107 takiemu postawieniu sprawy przez dow\u00f3dztwo.<\/p>\n<p align=\"JUSTIFY\">Bra\u0144 i ekwipunek zaleg\u0142y w melinie u Tumidajskiego i \u015bwi\u0119ta sp\u0119dza\u0142em w domu.<\/p>\n<p align=\"JUSTIFY\">Spok\u00f3j po\u015bwi\u0105tecznych dni przerwa\u0142o nagle powo\u0142anie na now\u0105 akcj\u0119.<\/p>\n<ul>\n<li>\n<p align=\"JUSTIFY\"><em>Bro\u0144 na melinie w D\u0119bniku zagro\u017cona.<\/em><\/p>\n<\/li>\n<li>\n<p align=\"JUSTIFY\"><em>Patrol SS przeprowadza\u0142 rewizj\u0119 w kilku obej\u015bciach D\u0119bnika.<\/em><\/p>\n<\/li>\n<li>\n<p align=\"JUSTIFY\"><em>Do wykrycia dopu\u015bci\u0107 nie mo\u017cna.<\/em><\/p>\n<\/li>\n<li>\n<p align=\"JUSTIFY\"><em>Jest rozkaz szybkiej ewakuacji broni \u2013 przekaza\u0142 mi \u201eMitkowski\u201d.<\/em><\/p>\n<\/li>\n<li>\n<p align=\"JUSTIFY\"><em>Jest rozkaz to p\u00f3jdziemy \u2013 odpar\u0142em.<\/em><\/p>\n<\/li>\n<\/ul>\n<p align=\"JUSTIFY\">Zmobilizowa\u0142o si\u0119 kilkunastu \u017co\u0142nierzy z miejscowej plac\u00f3wki w Czatkowicach i p\u00f3\u017anym wieczorem wyruszyli\u015bmy w las. Zn\u00f3w lasem ponios\u0142o echem stukot but\u00f3w na zmarzni\u0119tym pod\u0142o\u017cu. Dobrze \u017ce \u015bniegu nie by\u0142o prawie wcale. Gdzieniegdzie tylko bia\u0142e plamy w zapadlinach zdmuchni\u0119te wiatrem pierwszego nieznacznego opadu. Umo\u017cliwi\u0142o to i\u015b\u0107 lasem na prze\u0142aj. Dla przeprowadzenia rozpoznania oddzia\u0142 zaleg\u0142 na podej\u015bciu do D\u0119bnika.<\/p>\n<p align=\"JUSTIFY\">Z \u201eMi\u0142kowskim\u201d wyruszy\u0142em na rozpoznanie. Ju\u017c mieli\u015bmy wyj\u015b\u0107 z lasu na drog\u0119, gdy naraz z ciemno\u015bci od strony wioski dolecia\u0142 nas odg\u0142os ci\u0119\u017ckich krok\u00f3w. Podkute buty stuka\u0142y na grudzie. Zalegli\u015bmy za niskimi \u015bwierkami rosn\u0105cymi w m\u0142odniaku par\u0119 krok\u00f3w od drogi, \u015bciskaj\u0105c, ja \u201ecesk\u0105 zbrojowk\u0119\u201d a \u201eMi\u0142kowski\u201d \u201esz\u00f3stk\u0119\u201d z jedynym ostatnim nabojem. Po chwili pi\u0119\u0107 ciemnych sylwetek zamajaczy\u0142o w mroku, na ja\u015bniejszym pasie drogi. Stukot but\u00f3w i prowadzona z cicha po niemiecku rozmowa \u015bwiadczy\u0142a dobitnie kto przechodzi. Patrol SS zd\u0105\u017ca\u0142 wolnym krokiem od D\u0119bnika drog\u0105 w kierunku drogi do Pacz\u00f3\u0142towic. Mieli oko na D\u0119bnik. Czuwali. Nie du\u017co brakowa\u0142o a spotkaliby\u015bmy si\u0119 na drodze. Gdy odg\u0142os krok\u00f3w zamilk\u0142 w oddali skoczyli\u015bmy do wioski. W znajomym obej\u015bciu czeka\u0142 ju\u017c podenerwowany\u00a0 Tumidalski.<\/p>\n<ul>\n<li>\n<p align=\"JUSTIFY\"><em>Dopiero teraz ! Czemu tak p\u00f3\u017ano ?<\/em><\/p>\n<\/li>\n<li>\n<p align=\"JUSTIFY\"><em>Mieli\u015bcie by\u0107 zaraz po zmroku, najp\u00f3\u017aniej do godziny dziewi\u0119tnastej \u2013 dwudziestej, bo wtedy najmniejsze prawdopodobie\u0144stwo spotkania wrogiego patrolu, kt\u00f3re po kolacji wyruszaj\u0105 z bazy w Pacz\u00f3\u0142towicach w teren \u2013 gdera\u0142 podenerwowany nagl\u0105c do po\u015bpiechu.<\/em><\/p>\n<\/li>\n<\/ul>\n<p align=\"JUSTIFY\">Co by\u0142o powodem jego silnego podenerwowania dowiedzieli\u015bmy si\u0119 ju\u017c po latach.<\/p>\n<p align=\"JUSTIFY\">Zgodnie z ustaleniami na godzin\u0119 dziewi\u0119tnast\u0105 przygotowa\u0142 sk\u0142ad broni do przekazania. Powyci\u0105ga\u0142 wszystko z melin i zakamark\u00f3w obej\u015bcia i zebra\u0142 pod \u015bcian\u0105 w stajni do kt\u00f3rej wej\u015bcie prowadzi\u0142o z g\u0142\u00f3wnej sieni domu i oczekiwa\u0142 naszego nadej\u015bcia kt\u00f3re d\u0142ugo nie nast\u0119powa\u0142o. Zaniepokojony postanowi\u0142 cho\u0107 prowizorycznie ukry\u0107 bro\u0144 z powrotem, przyjmuj\u0105c tak\u0105 ewentualno\u015b\u0107 \u017ce mo\u017cemy nie nadej\u015b\u0107. W \u017c\u0142\u00f3b bydl\u0119cy, pod \u017c\u0142\u00f3b w pod\u015bci\u00f3\u0142k\u0119 , w stert\u0119 s\u0142omy, poupycha\u0142 bro\u0144 i ekwipunek. Ju\u017c przy ko\u0144cu tej czynno\u015bci dos\u0142ysza\u0142 dochodz\u0105cy od strony s\u0105siedniej chaty, stoj\u0105cej w odleg\u0142o\u015bci dwudziestu metr\u00f3w, tumult i ha\u0142as. Wygl\u0105dn\u0105 przez wychodz\u0105ce z izby w tamt\u0105 stron\u0119 okno i w mroku zauwa\u017cy\u0142 dobijaj\u0105cych si\u0119 do chaty SS-man\u00f3w, ha\u0142asuj\u0105cych i krzycz\u0105cych . Struchla\u0142. Niewiele my\u015bl\u0105c zaryglowa\u0142 mocno drzwi wej\u015bciowe do domu i tylnymi drzwiami chy\u0142kiem czmychn\u0105 za stodo\u0142\u0119 i dalej w sad sk\u0105d by\u0142a mo\u017cliwo\u015b\u0107 ucieczki w pola. Zostawi\u0142 pusty dom. Patrol SS dobija\u0142 si\u0119 do s\u0105siedniego domu gdy\u017c id\u0105c drog\u0105 przez wie\u015b zauwa\u017cy\u0142 przebiegaj\u0105c\u0105 drog\u0119 posta\u0107 cho\u0107 ju\u017c by\u0142o po godzinie policyjnej, po kt\u00f3rej to wszelkie poruszanie si\u0119 po terenie by\u0142o zabronione i karane \u015bmierci\u0105. Krzykn\u0119li halt, lecz posta\u0107 nie zatrzyma\u0142a si\u0119 i znikn\u0119\u0142a w najbli\u017cszym domu. Dobijali si\u0119 wi\u0119c do niego. Po otwarciu wyja\u015bniono im \u017ce to przed chwil\u0105 wesz\u0142a do tego domu m\u0142oda dziewczyna zamieszka\u0142a opodal przychodz\u0105c do kole\u017canki. Zobaczyli j\u0105 pokrzyczeli pogrozili i odeszli. Szcz\u0119\u015bcie \u017ce nie by\u0142 to kto\u015b doros\u0142y. Rozstrzelali by na pewno.<\/p>\n<p align=\"JUSTIFY\">Zabrali\u015bmy z ukrytej broni pepesz\u0119 i m-pi i powr\u00f3cili\u015bmy do oczekuj\u0105cych w lesie. Z przyniesion\u0105 broni\u0105 dw\u00f3ch \u017co\u0142nierzy pozosta\u0142o na ubezpieczeniu drogi kt\u00f3r\u0105 odszed\u0142 niemiecki patrol, z reszt\u0105 szybko wr\u00f3cili\u015bmy do domu Tumidajskiego. Wyci\u0105gni\u0119to ze stajni bro\u0144 i ekwipunek. A by\u0142o tego nie ma\u0142o. Dwa r\u0119czne karabiny maszynowe, dwa automaty, pi\u0119tna\u015bcie karabin\u00f3w r\u0119cznych, granatnik, skrzynki z amunicj\u0105, granatami r\u0119cznymi, mundury, plecaki itd. Ka\u017cdy z nas \u0142adowa\u0142 na siebie po kilka sztuk broni i ekwipunku i szybko poch\u0142on\u0105 nas ciemny las. Na skraju lasu nad Czatkowicami zatrzymali\u015bmy si\u0119 na chwil\u0119 dla om\u00f3wienia gdzie bro\u0144 zamelinowa\u0107. Kto mia\u0142 si\u0119 ni\u0105 zaopiekowa\u0107. Powodu braku ch\u0119tnych wyb\u00f3r pad\u0142 na mnie. Ju\u017c dobrze po p\u00f3\u0142nocy bro\u0144 zosta\u0142a z\u0142o\u017cona pod drzewem za nasz\u0105 stodo\u0142\u0105, i \u017co\u0142nierze rozeszli si\u0119 cichaczem. Pozostali\u015bmy przy stercie broni i ekwipunku z \u201eMi\u0142kowskim\u201d. Mia\u0142 mi pom\u00f3c na razie prowizorycznie ukry\u0107 a potem zamelinowa\u0107. Zniesiona do stodo\u0142y bro\u0144 przy\u0142o\u017cyli\u015bmy snopkami s\u0142omy i poszli\u015bmy spa\u0107. Ca\u0142y nast\u0119pny dzie\u0144 zaj\u0119\u0142o nam melinowanie broni. Pod \u015bcian\u0105 stodo\u0142y na p\u00f3\u0142nocnym zastroniu wykopali\u015bmy g\u0142\u0119boki d\u00f3\u0142, w kt\u00f3ry ustawili\u015bmy zbit\u0105 z desek i obit\u0105 pap\u0105 skrzynie. W niej u\u0142o\u017cyli\u015bmy naoliwion\u0105 bro\u0144, amunicj\u0119 i ekwipunek i zasypali ziemi\u0105, ubijaj\u0105c twardo warstwami. Miejsce zamaskowali\u015bmy s\u0142om\u0105.<\/p>\n<p align=\"JUSTIFY\"><a href=\"https:\/\/eles.pl\/armiakrajowakrzeszowice\/?attachment_id=851\" rel=\"attachment wp-att-851\"><img loading=\"lazy\" decoding=\"async\" class=\"alignleft wp-image-851\" src=\"https:\/\/eles.pl\/armiakrajowakrzeszowice\/wp-content\/uploads\/2013\/05\/stodo\u0142a.jpg\" alt=\"stodo\u0142a\" width=\"384\" height=\"276\" srcset=\"https:\/\/eles.pl\/armiakrajowakrzeszowice\/wp-content\/uploads\/2013\/05\/stodo\u0142a.jpg 600w, https:\/\/eles.pl\/armiakrajowakrzeszowice\/wp-content\/uploads\/2013\/05\/stodo\u0142a-300x215.jpg 300w\" sizes=\"auto, (max-width: 384px) 100vw, 384px\" \/><\/a><\/p>\n<p align=\"JUSTIFY\">K\u0142opot mieli\u015bmy z ziemi\u0105 kt\u00f3rej miejsce zaj\u0119\u0142a skrzynia. Nie mo\u017cna jej by\u0142o przecie\u017c zostawi\u0107 w stodole. Za\u0142adowali\u015bmy j\u0105 wi\u0119c na w\u00f3zek i wieczorem wywie\u017ali na pole za stodo\u0142\u0119 rozsypa\u0107 j\u0105 pomi\u0119dzy rz\u0119dami ma\u0142ych drzewek owocowych. Zaz\u0142oci\u0142a si\u0119 \u017c\u00f3\u0142ta sucha glina na ciemnej roli. Zmartwili\u015bmy si\u0119. Grozi\u0142o to dekonspiracja meliny. Nie wiedzieli\u015bmy co robi\u0107. Dobrze \u017ce by\u0142o ciemno to nie by\u0142o wida\u0107 z daleka. Zakopa\u0107 w rol\u0119 nie pozwala\u0142a zmarzni\u0119ta ziemia. Postanowili\u015bmy rozrzuci\u0107 cienk\u0105 warstw\u0105 w nier\u00f3wno\u015bci roli. Niewiele to pomog\u0142o. W dzie\u0144 b\u0119dzie wida\u0107 z daleka.<\/p>\n<ul>\n<li>\n<p align=\"JUSTIFY\"><em>Czym tu zamaskowa\u0107 ?<\/em> &#8211; rozmy\u015blali\u015bmy.<\/p>\n<\/li>\n<\/ul>\n<p align=\"JUSTIFY\">Rada w rad\u0119 i postanowili\u015bmy \u017ce nazajutrz zaraz z rana trzeba przyst\u0105pi\u0107 do owijania drzewek s\u0142om\u0105 dla ochrony niby to przed mrozem i zaj\u0105cami, a przy tym porozrzuca\u0107 niby to przypadkowo s\u0142omy w miejsca gdzie rozsypywana by\u0142a glina z wykopu, co powinno troch\u0119 ukry\u0107 ca\u0142\u0105 spraw\u0119. Jeszcze by\u0142o ciemno gdy wsta\u0142em szykowa\u0107 si\u0119 do zaplanowanego owijania drzewek. Jak\u017ce bardzo si\u0119 ucieszy\u0142em gdy zobaczy\u0142em \u017ce w ci\u0105gu nocy spad\u0142 \u015bnieg, i bia\u0142\u0105 warstw\u0105 przykry\u0142a wszystko dooko\u0142a kryj\u0105c \u015blady gliny.<\/p>\n<p align=\"JUSTIFY\">I pada\u0142 dalej.<\/p>\n<p align=\"CENTER\">&gt;&gt;&gt;&gt;&lt;&lt;&lt;&lt;<\/p>\n<p>&nbsp;<\/p>\n","protected":false},"excerpt":{"rendered":"<p>\u00a0Relacja uczestnika operacji sier\u017c. AK W\u0142adys\u0142aw Bazarnik &#8222;ZOSIK&#8221;\u00a0 Czatkowice G\u00f3rne, 1966 rok &nbsp; Ewakuacja zagro\u017conego magazynu broni w D\u0119bniku. \u00a0 W po\u0142owie miesi\u0105ca grudnia 1944 roku mr\u00f3z sku\u0142 ziemi\u0119. Zima sro\u017cy\u0142a si\u0119 coraz bardziej. . Os\u0142ab\u0142a dzia\u0142alno\u015b\u0107 naszego Oddzia\u0142u Dywersyjno Bojowego. Z ostatniego rajdu w miechowskie gdzie pognano nas po odbi\u00f3r jakiego\u015b rzekomego zrzutu powr\u00f3cili\u015bmy [&hellip;]<\/p>\n","protected":false},"author":1,"featured_media":0,"parent":0,"menu_order":0,"comment_status":"open","ping_status":"open","template":"","meta":{"footnotes":""},"class_list":["post-800","page","type-page","status-publish","hentry"],"_links":{"self":[{"href":"https:\/\/eles.pl\/armiakrajowakrzeszowice\/index.php?rest_route=\/wp\/v2\/pages\/800","targetHints":{"allow":["GET"]}}],"collection":[{"href":"https:\/\/eles.pl\/armiakrajowakrzeszowice\/index.php?rest_route=\/wp\/v2\/pages"}],"about":[{"href":"https:\/\/eles.pl\/armiakrajowakrzeszowice\/index.php?rest_route=\/wp\/v2\/types\/page"}],"author":[{"embeddable":true,"href":"https:\/\/eles.pl\/armiakrajowakrzeszowice\/index.php?rest_route=\/wp\/v2\/users\/1"}],"replies":[{"embeddable":true,"href":"https:\/\/eles.pl\/armiakrajowakrzeszowice\/index.php?rest_route=%2Fwp%2Fv2%2Fcomments&post=800"}],"version-history":[{"count":19,"href":"https:\/\/eles.pl\/armiakrajowakrzeszowice\/index.php?rest_route=\/wp\/v2\/pages\/800\/revisions"}],"predecessor-version":[{"id":2576,"href":"https:\/\/eles.pl\/armiakrajowakrzeszowice\/index.php?rest_route=\/wp\/v2\/pages\/800\/revisions\/2576"}],"wp:attachment":[{"href":"https:\/\/eles.pl\/armiakrajowakrzeszowice\/index.php?rest_route=%2Fwp%2Fv2%2Fmedia&parent=800"}],"curies":[{"name":"wp","href":"https:\/\/api.w.org\/{rel}","templated":true}]}}