{"id":2233,"date":"2015-12-25T20:13:14","date_gmt":"2015-12-25T20:13:14","guid":{"rendered":"https:\/\/eles.pl\/armiakrajowakrzeszowice\/?page_id=2233"},"modified":"2016-11-14T17:45:23","modified_gmt":"2016-11-14T17:45:23","slug":"operacja-ewakuacji-magazynu-broni-z-m-debnik","status":"publish","type":"page","link":"https:\/\/eles.pl\/armiakrajowakrzeszowice\/?page_id=2233","title":{"rendered":"Ewakuacji magazynu broni."},"content":{"rendered":"<h2><span style=\"color: #00ffff;\"><strong>Operacja ewakuacji magazynu broni z m. D\u0119bnik.<\/strong><\/span><\/h2>\n<p>Na pocz\u0105tku II-giej dekady grudnia 1944 roku, 1-sza dru\u017cyna z Rudawy, 2-giej kompanii 1 Batalionu 12 p.p. A.K. Obw\u00f3d Krzeszowice, pod dow\u00f3dztwem kpr. \u201eJawor\u201d &#8211; Wi\u015bniewski Kazimierz w czasie wykonywania zadania ewakuacji zagro\u017conego magazynu broni przez nieprzyjaciela zosta\u0142a na podej\u015bciu do wsi D\u0119bnik ostrzelana przez pozostaj\u0105cy w zasadzce oddzia\u0142 nieprzyjaciela. Przewaga si\u0142 nieprzyjaciela zmusi\u0142a dru\u017cyn\u0119 do odst\u0105pienia od wykonania zadania.<br \/>\nW kolejny dzie\u0144 do wykonania zadania zosta\u0142a skierowana 1-sza dru\u017cyna z Czatkowic, Samodzielnego Plutonu Dywersji Bojowej 12 p.p. A.K. Obw\u00f3d Krzeszowice, pod dow\u00f3dztwem kpr. \u201eMitkowski\u201d &#8211; Durak Stanis\u0142aw. Po przybyciu na miejsce wys\u0142any zwiad doni\u00f3s\u0142 o obecno\u015bci we wsi D\u0119bnik patrolu nieprzyjaciela. Wzgl\u0119dy bezpiecze\u0144stwa ukrytej broni, oddzia\u0142u i wsi, zmusi\u0142y do d\u0142u\u017cszego oczekiwania w ukryciu. Po odej\u015bciu patrolu SS bro\u0144 i ekwipunek \u017co\u0142nierski zosta\u0142y odebrane z miejsca ukrywania w obej\u015bciu Tumidalskiego Stanis\u0142awa ps. \u201eCieplak\u201d i przetransportowane do Czatkowic w bezpieczne miejsce.<\/p>\n<p><a href=\"https:\/\/eles.pl\/armiakrajowakrzeszowice\/wp-content\/uploads\/2015\/12\/D\u0119bnik-stodo\u0142a-Cieplaka.jpg\"><img loading=\"lazy\" decoding=\"async\" class=\"size-medium wp-image-3226 aligncenter\" src=\"https:\/\/eles.pl\/armiakrajowakrzeszowice\/wp-content\/uploads\/2015\/12\/D\u0119bnik-stodo\u0142a-Cieplaka-300x227.jpg\" alt=\"debnik-stodola-cieplaka\" width=\"300\" height=\"227\" srcset=\"https:\/\/eles.pl\/armiakrajowakrzeszowice\/wp-content\/uploads\/2015\/12\/D\u0119bnik-stodo\u0142a-Cieplaka-300x227.jpg 300w, https:\/\/eles.pl\/armiakrajowakrzeszowice\/wp-content\/uploads\/2015\/12\/D\u0119bnik-stodo\u0142a-Cieplaka.jpg 800w\" sizes=\"auto, (max-width: 300px) 100vw, 300px\" \/><\/a>\u00a0\u00a0\u00a0\u00a0\u00a0\u00a0\u00a0\u00a0\u00a0\u00a0\u00a0\u00a0\u00a0\u00a0\u00a0\u00a0\u00a0\u00a0\u00a0\u00a0\u00a0\u00a0\u00a0\u00a0\u00a0\u00a0\u00a0\u00a0 \u00a0\u00a0 \u00a0\u00a0\u00a0 D\u0119bnik. Stodo\u0142a &#8222;Cieplaka&#8221; miejsce ukrycia magazynu broni.<\/p>\n<p>&nbsp;<\/p>\n<p>&nbsp;<\/p>\n<h4><span style=\"text-decoration: underline;\"><a href=\"https:\/\/eles.pl\/armiakrajowakrzeszowice\/?page_id=800\" target=\"_blank\"><strong><span style=\"color: #00ff00; text-decoration: underline;\">Relacja uczestnika operacji <\/span><\/strong><\/a><\/span><\/h4>\n<h4><span style=\"text-decoration: underline;\"><a href=\"https:\/\/eles.pl\/armiakrajowakrzeszowice\/?page_id=800\" target=\"_blank\"><strong><span style=\"color: #00ff00; text-decoration: underline;\">sier\u017c. AK W\u0142adys\u0142aw Bazarnik &#8222;ZOSIK&#8221;\u00a0\u00a0\u00a0\u00a0\u00a0\u00a0\u00a0 <\/span><span style=\"color: #00ff00; text-decoration: underline;\">Czatkowice G\u00f3rne, 1966 rok<\/span><\/strong><\/a><\/span><\/h4>\n","protected":false},"excerpt":{"rendered":"<p>Operacja ewakuacji magazynu broni z m. D\u0119bnik. Na pocz\u0105tku II-giej dekady grudnia 1944 roku, 1-sza dru\u017cyna z Rudawy, 2-giej kompanii 1 Batalionu 12 p.p. A.K. Obw\u00f3d Krzeszowice, pod dow\u00f3dztwem kpr. \u201eJawor\u201d &#8211; Wi\u015bniewski Kazimierz w czasie wykonywania zadania ewakuacji zagro\u017conego magazynu broni przez nieprzyjaciela zosta\u0142a na podej\u015bciu do wsi D\u0119bnik ostrzelana przez pozostaj\u0105cy w zasadzce [&hellip;]<\/p>\n","protected":false},"author":1,"featured_media":0,"parent":991,"menu_order":0,"comment_status":"closed","ping_status":"closed","template":"","meta":{"footnotes":""},"class_list":["post-2233","page","type-page","status-publish","hentry"],"_links":{"self":[{"href":"https:\/\/eles.pl\/armiakrajowakrzeszowice\/index.php?rest_route=\/wp\/v2\/pages\/2233","targetHints":{"allow":["GET"]}}],"collection":[{"href":"https:\/\/eles.pl\/armiakrajowakrzeszowice\/index.php?rest_route=\/wp\/v2\/pages"}],"about":[{"href":"https:\/\/eles.pl\/armiakrajowakrzeszowice\/index.php?rest_route=\/wp\/v2\/types\/page"}],"author":[{"embeddable":true,"href":"https:\/\/eles.pl\/armiakrajowakrzeszowice\/index.php?rest_route=\/wp\/v2\/users\/1"}],"replies":[{"embeddable":true,"href":"https:\/\/eles.pl\/armiakrajowakrzeszowice\/index.php?rest_route=%2Fwp%2Fv2%2Fcomments&post=2233"}],"version-history":[{"count":13,"href":"https:\/\/eles.pl\/armiakrajowakrzeszowice\/index.php?rest_route=\/wp\/v2\/pages\/2233\/revisions"}],"predecessor-version":[{"id":3232,"href":"https:\/\/eles.pl\/armiakrajowakrzeszowice\/index.php?rest_route=\/wp\/v2\/pages\/2233\/revisions\/3232"}],"up":[{"embeddable":true,"href":"https:\/\/eles.pl\/armiakrajowakrzeszowice\/index.php?rest_route=\/wp\/v2\/pages\/991"}],"wp:attachment":[{"href":"https:\/\/eles.pl\/armiakrajowakrzeszowice\/index.php?rest_route=%2Fwp%2Fv2%2Fmedia&parent=2233"}],"curies":[{"name":"wp","href":"https:\/\/api.w.org\/{rel}","templated":true}]}}